. What is the units digit of a(d)?
7
Let s be (-3)/(-1 + 6/255*42). Suppose 2*w + 0*w - s = -5*a, 0 = -4*w. What is the tens digit of a?
5
Suppose 1 = 3*o - 11. Suppose 79 = -o*d + 3*v, -4*v = d + 4*d + 91. What is the units digit of 4/(-4) - -3 - d?
1
Let x = -198 - -161. Let y(c) = -c**3 + 3*c**2 + c + 8. Let p be y(6). Let n = x - p. What is the tens digit of n?
5
Let y be 446/(-6) - 2/3. Suppose -3*z = -2*c - 2, 5*c + 23 = 4*z + 4. What is the tens digit of y/c - 6/(-21)?
1
Let q(t) = 19*t - 106. What is the tens digit of q(9)?
6
Suppose -3*h = -d - 5, 5*h = -2*d + h. Let n = d + -1. Let q = n + 6. What is the units digit of q?
3
Let l = 32 + -19. Suppose l - 81 = -2*a. What is the tens digit of a?
3
Suppose 6*o - 7*o - 5 = 0. Let s = 5 - o. What is the units digit of s?
0
Let j(c) = 7*c + 11. Let o be j(10). Suppose -5*m + o + 4 = 0. Suppose 0 = -h + 43 - m. What is the tens digit of h?
2
Let o = -31 - -456. What is the tens digit of o?
2
Let n be (-82)/(-6) - (-2)/6. Suppose 7*r + 33 = 4*r. Let t = n + r. What is the units digit of t?
3
Suppose 2*q = 8, -2*a = -0*q + 3*q - 32. Let i(s) = s**2. What is the tens digit of i(a)?
0
What is the hundreds digit of ((-6)/10)/(81/(-191565))?
4
Let b = 1550 + -1507. What is the tens digit of b?
4
What is the tens digit of -21*(47/(-4) + 10/(-8))?
7
Suppose -96*g + 150 = -93*g. Let f = g + 84. What is the tens digit of f?
3
Suppose 5*d + 4*q = 19, -3*q = -3*d + 5*d - 9. Suppose 2*y + 4*m + m = 283, -5*y - d*m + 755 = 0. What is the hundreds digit of y?
1
Let o(y) = 8*y**3 - 2*y**2 + 1. Let l be ((-4)/7)/((-44)/154). What is the units digit of o(l)?
7
What is the hundreds digit of (-2808)/180*(-55 + (2 - 2))?
8
Suppose -99*g = -106*g + 13069. What is the tens digit of g?
6
Let p = 708 - -393. What is the hundreds digit of p?
1
Let v(m) = 41*m - 23. Let j(h) = -7*h + 4. Let c(z) = -34*j(z) - 6*v(z). Suppose 4*r = 1 - 9. What is the tens digit of c(r)?
1
Suppose 3*t - 2*s + 351 = 2875, -4*s - 1696 = -2*t. What is the hundreds digit of t?
8
Let g be (2 - 2)/((-1)/1). Suppose k - 115 + 5 = g. What is the units digit of k?
0
Suppose 5*y = 884 + 1571. What is the tens digit of y?
9
Let z(g) = -g**2 - 5*g - 1. Let w be z(5). Let o = w + 72. What is the tens digit of o?
2
Let o be 1/(2/(-2))*(-464 - 1). Let s = o - 141. What is the hundreds digit of s?
3
Let d be (46/8)/((-1)/(-4)). Let w(f) = 16*f + 174. Let o be w(-12). Let q = d + o. What is the units digit of q?
5
Let u be (-4)/(-22) + 2 + (-6)/33. Suppose -57 = -f + u*l, 6*l + 136 = 3*f + 7*l. What is the tens digit of f?
4
Let c = -106 + 117. What is the units digit of c?
1
Let t = 33 + 62. Let q = 120 - t. What is the tens digit of q?
2
Suppose -2*z = 4*z - 30. Suppose -9*q = -z*q - 820. What is the tens digit of q?
0
Suppose 53 = -4*s - 143. Suppose -6*q - 89 - 19 = 0. Let z = q - s. What is the units digit of z?
1
Let m = -41 + 45. Suppose 4*z + 0*z + 12 = 0, 0 = 5*t - m*z - 187. What is the units digit of t?
5
Suppose -32*b = 9*b - 57564. What is the units digit of b?
4
Let q = 9 - 6. Suppose 0 = -5*d - q*w + 88, -2*d = -5*d + 2*w + 68. What is the units digit of -1 + (d - 2/(-1))?
1
What is the tens digit of (4912/(-6))/(-5 + 104/24)?
2
Let k be 4/(-6)*(-5 + 2). Suppose -k*w = -7*w + 175. Suppose -n + 2*n + i = w, n + 3*i = 27. What is the units digit of n?
9
Suppose 34*n - 2281 = 6831. What is the tens digit of n?
6
Let t = 20 + -38. Let s be (-1)/(-2) - (-765)/t. Let a = 95 + s. What is the tens digit of a?
5
Suppose -67*q + 74*q = 3010. What is the tens digit of q?
3
Suppose 0 = 3*g + 174 - 5256. What is the hundreds digit of g?
6
Suppose 2*y = 3*q + 154, -2*y - 4*q + 26 + 114 = 0. Let w = y + -28. What is the units digit of w?
6
Let g be 3*5*(-2)/(-15). Let k(q) = -2*q - g*q - q**2 - 4*q**2 + 2 + 6*q**2. What is the units digit of k(5)?
7
Let j(w) = 18*w + 2. Let g(v) = v**2 - 8*v - 7. Let z be g(9). Let u be j(z). Suppose -14 + u = 2*m. What is the tens digit of m?
1
Suppose -2 = 3*q + 4. Let m be (q - -5 - 1)*1. Suppose 0*n - m*n + 2 = 0. What is the units digit of n?
1
Suppose 0 = 4*g + 3*j - 2398, 4*g - j - 2188 = 218. What is the hundreds digit of g?
6
Let k = 42 + -22. Suppose -192 = -2*l - k. Suppose 0 = 5*u + 20, 3*r - 3*u - l = 2*u. What is the tens digit of r?
2
Let o be (-4)/((-8)/(-5) + -2). Let m = o + 3. What is the tens digit of m?
1
Let r = 175 - -242. What is the tens digit of r?
1
Let c = -9 - -13. Suppose 5*n - 3 = 3*x, -4*x + 0 + 4 = -4*n. Suppose 25 = -n*k + 8*k, 3*o + c*k = 149. What is the units digit of o?
3
Suppose -12 = -w - 5. Let d(h) = 7*h + 10. What is the units digit of d(w)?
9
Let c(u) = 131*u**2 - 1. What is the units digit of c(1)?
0
Suppose -2*t - 21 = -w - 0*t, -105 = -5*w - 5*t. Let u = w - 30. Let l = 22 + u. What is the tens digit of l?
1
Suppose -3*j = 5*u - 227, 2*j + 3*u = 7*u + 122. Let l = j + -7. What is the tens digit of l?
6
Suppose 0*y + 2*y = -2*l - 2, 3*y - 4 = 4*l. Suppose 4*o - 3 - 17 = y. Let x(g) = 3*g. What is the units digit of x(o)?
5
Let h = 1497 - 781. What is the units digit of h?
6
Let v be (-4)/14 + 37/7. Suppose -g - 5*d + 3*d = -119, 3*d - 363 = -3*g. Suppose -g = -v*y + 27. What is the units digit of y?
0
Suppose 12 = 3*p + 3. Suppose -p = w - 7. What is the tens digit of 0 + (1 - w) + 25?
2
Suppose 658 = -13*d + 2127. What is the tens digit of d?
1
Suppose 0 = m - 3*k + 2487, 0 = 5*m - 2*k + 6385 + 5985. What is the tens digit of (-12)/9*m/16?
0
Let r = 371 - 211. Suppose 5*s - r = 3*m, 0 = -3*s + 2*m - 6*m + 96. What is the tens digit of s?
3
Let k be (-4)/(-6) - 1/(18/(-96)). Suppose k*a - 23 = 19. What is the units digit of a?
7
Suppose 0 = -2*i + i. Let b = 2 - i. What is the tens digit of 312/18*3/b?
2
Suppose -4*j + 149 = -5*n, 2*j = -5*n + 37 - 0. Let w = 46 - j. What is the units digit of ((-141)/w - 1)*-5?
2
Suppose 23*g - 33407 - 10822 = 0. What is the units digit of g?
3
Let m(a) = -85*a - 194. What is the thousands digit of m(-18)?
1
Let t(g) = g**2 - 4*g - 41. Let v be t(8). Suppose b + 4 = -b. What is the units digit of (3/b)/(v/162)?
7
Let n(r) = 6*r - 6. Let d be n(0). Let l(j) = -41*j + 38. What is the hundreds digit of l(d)?
2
What is the tens digit of (-88)/22 + 272/1?
6
Let c(b) = -b + 62. Let z be 1/((-2)/28)*(-9 - -10). What is the units digit of c(z)?
6
Let s(p) = p**2 - 15*p + 14. Let b be s(15). Suppose -b + 248 = 2*h. What is the tens digit of h?
1
Let g = 20 + -20. Suppose g = -2*m + 3 + 3. What is the tens digit of (6 - -2 - -4)*m?
3
Let x(i) = i**2 + 6*i + 7. Let z be x(-6). Let h(t) = -z*t + 3*t + 4 + t. What is the units digit of h(-7)?
5
Suppose 3 = -g, -68 = -t + 2*g - 3*g. What is the tens digit of t?
7
Suppose 2*m + 4*w + 101 - 561 = 0, 3*m = 4*w + 720. What is the hundreds digit of m?
2
What is the tens digit of (-1629182)/(-506) + 3/11?
2
Let v = 5520 + -1720. What is the thousands digit of v?
3
Let n(c) = -46*c - 149. What is the tens digit of n(-16)?
8
Let w(c) = 22 + 19 + 4*c - 24*c**2 - 2*c - 6 + c**3. What is the units digit of w(24)?
3
Suppose 11*m = 14*m - 60. Suppose -a - 3*a + 394 = 2*d, 4*d + m = 0. What is the tens digit of a?
0
What is the hundreds digit of 1*7 - 9240/(-10)?
9
Let v = 16 - 14. Suppose 5*n = y - 43, v*n + 47 = 2*y + 5*n. What is the tens digit of y?
2
Let u(q) = -q**3 + 15*q**2 + 13*q - 32. What is the tens digit of u(13)?
7
Let m = -50 + 180. Suppose 0 = o + q - 75, 0 = 2*o - 0*o - 3*q - m. What is the units digit of o?
1
Suppose 4*y - t = -1335, -2*y + 1674 = -7*y + 3*t. Let x = y + 604. What is the tens digit of x?
7
Let y(h) = h**3 + 6*h**2 - 15*h + 6. Let p be y(-8). Let m(z) = -20*z**3 + 3*z**2 + 3*z + 1. What is the units digit of m(p)?
7
Suppose -29 + 89 = -4*l. Let y = -20 - l. Let f(w) = -w**3 - 3*w**2 + w - 5. What is the units digit of f(y)?
0
Let b be (12/20)/((-2)/(-10)). Suppose 0 = -13*o - 5*o + 432. Suppose -2*m + 10 = 0, -t + o = -m - b*m. What is the units digit of t?
4
Suppose -3*q - c - 3*c - 13 = 0, -2*q + 4*c = -18. Let p(l) = -l. Let x be p(q). What is the tens digit of (x - 70/4)*-2?
3
Let v be (1 - 1)*1 - 3. Let g(k) = k**2 + 6*k + 2. Let a be g(-5). What is the units digit of v/(6 + a)*-53?
3
Let v be (2 + -21 + 3)*10. Let o = -79 - v. What is the units digit of o?
1
Let t(u) be the 